{"id":9563,"date":"2025-04-29T15:27:13","date_gmt":"2025-04-29T13:27:13","guid":{"rendered":"https:\/\/srmbologna.it\/?page_id=9563"},"modified":"2025-04-30T08:52:33","modified_gmt":"2025-04-30T06:52:33","slug":"includes","status":"publish","type":"page","link":"https:\/\/srmbologna.it\/?page_id=9563","title":{"rendered":"INCLUDES"},"content":{"rendered":"<p><img loading=\"lazy\" decoding=\"async\" class=\"size-medium wp-image-9562 alignleft\" src=\"https:\/\/srmbologna.it\/wp-content\/uploads\/2025\/04\/INCLUDES_Logo-300x108.jpg\" alt=\"\" width=\"300\" height=\"108\" srcset=\"https:\/\/srmbologna.it\/wp-content\/uploads\/2025\/04\/INCLUDES_Logo-300x108.jpg 300w, https:\/\/srmbologna.it\/wp-content\/uploads\/2025\/04\/INCLUDES_Logo-1024x368.jpg 1024w, https:\/\/srmbologna.it\/wp-content\/uploads\/2025\/04\/INCLUDES_Logo-768x276.jpg 768w, https:\/\/srmbologna.it\/wp-content\/uploads\/2025\/04\/INCLUDES_Logo-1536x551.jpg 1536w, https:\/\/srmbologna.it\/wp-content\/uploads\/2025\/04\/INCLUDES_Logo-2048x735.jpg 2048w\" sizes=\"auto, (max-width: 300px) 100vw, 300px\" \/><strong>Promoting Just and Inclusive Mobility Policies in European Regions<\/strong><\/p>\n<p>Durata: 01\/05\/2025 \u2013 31\/07\/2029<\/p>\n<p><a href=\"https:\/\/www.interregeurope.eu\/includes\" target=\"_blank\" rel=\"noopener\">https:\/\/www.interregeurope.eu\/includes<\/a><\/p>\n<p>&nbsp;<\/p>\n<p>CUP F39I25000240007<br \/>\nImporto totale del finanziamento: budget complessivo di progetto \u20ac2.040.050 (di cui finanziamento FESR \u20ac1.632.040); budget SRM \u20ac245.500 (di cui finanziamento FESR \u20ac196.400).<br \/>\nFonte finanziarie SRM: 80% Fondo europeo di sviluppo regionale &#8211; FESR; 20% Fondo di Rotazione nazionale.<\/p>\n<p>Data di avvio del progetto: 01\/05\/2025<br \/>\nStato di attuazione finanziario e procedurale: In corso<\/p>\n<p>Negli ultimi decenni, la pianificazione e le politiche della mobilit\u00e0 si sono concentrate principalmente sulle esigenze degli automobilisti. Di conseguenza, i sistemi di trasporto multimodale sono spesso progettati pensando all\u2019\u201dutente medio&#8221;, trascurando i bisogni di altre categorie di persone (come anziani, persone con disabilit\u00e0 fisiche o sensoriali, donne e bambini) che necessitano di infrastrutture e servizi di mobilit\u00e0 in grado di garantire una piena accessibilit\u00e0.<br \/>\nSebbene in molte citt\u00e0 siano stati implementati strumenti come i Piani Urbani della Mobilit\u00e0 Sostenibile (PUMS), questi non riescono sempre a rispondere in modo adeguato alle esigenze di tutti gli utenti, n\u00e9 a colmare le disuguaglianze socio-economiche esistenti nel settore.<\/p>\n<p>INCLUDES riunisce sette partner provenienti da sei regioni europee con l\u2019obiettivo di migliorare l\u2019attuazione delle politiche pubbliche a sostegno della transizione verso sistemi di trasporto a basse emissioni, sostenibili e inclusivi. Attraverso lo scambio aperto di conoscenze, informazioni ed esempi pratici sulle diverse dimensioni della pianificazione della mobilit\u00e0 equa e inclusiva, il progetto mira a rafforzare le capacit\u00e0 delle autorit\u00e0 pubbliche nella progettazione di politiche pi\u00f9 eque.<br \/>\nPiuttosto che puntare esclusivamente all\u2019innovazione tecnologica per ridurre le emissioni, INCLUDES adotta un approccio ampio che mette al centro i bisogni diversificati degli utenti svantaggiati. I risultati del progetto contribuiranno a riformare le politiche, affinch\u00e9 spingano e incentivino tutti gli utenti ad adottare modalit\u00e0 di trasporto pi\u00f9 sostenibili.<\/p>\n<p>&nbsp;<\/p>\n<div class=\"pdfprnt-buttons pdfprnt-buttons-page pdfprnt-bottom-right\"><a href=\"https:\/\/srmbologna.it\/index.php?rest_route=%2Fwp%2Fv2%2Fpages%2F9563&print=pdf\" class=\"pdfprnt-button pdfprnt-button-pdf\" target=\"_blank\" ><img decoding=\"async\" src=\"https:\/\/www.srmbologna.it\/wp-content\/plugins\/pdf-print\/images\/pdf.png\" alt=\"image_pdf\" title=\"Visualizza PDF\" \/><\/a><a href=\"https:\/\/srmbologna.it\/index.php?rest_route=%2Fwp%2Fv2%2Fpages%2F9563&print=print\" class=\"pdfprnt-button pdfprnt-button-print\" target=\"_blank\" ><img decoding=\"async\" src=\"https:\/\/www.srmbologna.it\/wp-content\/plugins\/pdf-print\/images\/print.png\" alt=\"image_print\" title=\"Stampa contenuto\" \/><\/a><\/div>","protected":false},"excerpt":{"rendered":"<p>Promoting Just and Inclusive Mobility Policies in European Regions Durata: 01\/05\/2025 \u2013 31\/07\/2029 https:\/\/www.interregeurope.eu\/includes &nbsp; CUP F39I25000240007 Importo totale del finanziamento: budget complessivo di progetto \u20ac2.040.050 (di cui finanziamento FESR \u20ac1.632.040); budget SRM \u20ac245.500 (di cui finanziamento FESR \u20ac196.400). Fonte finanziarie SRM: 80% Fondo europeo di sviluppo regionale &#8211; FESR; 20% Fondo di Rotazione nazionale. [&hellip;]<\/p>\n","protected":false},"author":2,"featured_media":0,"parent":56,"menu_order":0,"comment_status":"closed","ping_status":"closed","template":"","meta":{"_monsterinsights_skip_tracking":false,"_monsterinsights_sitenote_active":false,"_monsterinsights_sitenote_note":"","_monsterinsights_sitenote_category":0,"footnotes":""},"class_list":["post-9563","page","type-page","status-publish","czr-hentry"],"_links":{"self":[{"href":"https:\/\/srmbologna.it\/index.php?rest_route=\/wp\/v2\/pages\/9563","targetHints":{"allow":["GET"]}}],"collection":[{"href":"https:\/\/srmbologna.it\/index.php?rest_route=\/wp\/v2\/pages"}],"about":[{"href":"https:\/\/srmbologna.it\/index.php?rest_route=\/wp\/v2\/types\/page"}],"author":[{"embeddable":true,"href":"https:\/\/srmbologna.it\/index.php?rest_route=\/wp\/v2\/users\/2"}],"replies":[{"embeddable":true,"href":"https:\/\/srmbologna.it\/index.php?rest_route=%2Fwp%2Fv2%2Fcomments&post=9563"}],"version-history":[{"count":2,"href":"https:\/\/srmbologna.it\/index.php?rest_route=\/wp\/v2\/pages\/9563\/revisions"}],"predecessor-version":[{"id":9571,"href":"https:\/\/srmbologna.it\/index.php?rest_route=\/wp\/v2\/pages\/9563\/revisions\/9571"}],"up":[{"embeddable":true,"href":"https:\/\/srmbologna.it\/index.php?rest_route=\/wp\/v2\/pages\/56"}],"wp:attachment":[{"href":"https:\/\/srmbologna.it\/index.php?rest_route=%2Fwp%2Fv2%2Fmedia&parent=9563"}],"curies":[{"name":"wp","href":"https:\/\/api.w.org\/{rel}","templated":true}]}}

<p><img loading="lazy" decoding="async" class="size-medium wp-image-9562 alignleft" src="https://srmbologna.it/wp-content/uploads/2025/04/INCLUDES_Logo-300x108.jpg" alt="" width="300" height="108" srcset="https://srmbologna.it/wp-content/uploads/2025/04/INCLUDES_Logo-300x108.jpg 300w, https://srmbologna.it/wp-content/uploads/2025/04/INCLUDES_Logo-1024x368.jpg 1024w, https://srmbologna.it/wp-content/uploads/2025/04/INCLUDES_Logo-768x276.jpg 768w, https://srmbologna.it/wp-content/uploads/2025/04/INCLUDES_Logo-1536x551.jpg 1536w, https://srmbologna.it/wp-content/uploads/2025/04/INCLUDES_Logo-2048x735.jpg 2048w" sizes="auto, (max-width: 300px) 100vw, 300px" /><strong>Promoting Just and Inclusive Mobility Policies in European Regions</strong></p>
<p>Durata: 01/05/2025 – 31/07/2029</p>
<p><a href="https://www.interregeurope.eu/includes" target="_blank" rel="noopener">https://www.interregeurope.eu/includes</a></p>
<p>&nbsp;</p>
<p>CUP F39I25000240007<br />
Importo totale del finanziamento: budget complessivo di progetto €2.040.050 (di cui finanziamento FESR €1.632.040); budget SRM €245.500 (di cui finanziamento FESR €196.400).<br />
Fonte finanziarie SRM: 80% Fondo europeo di sviluppo regionale &#8211; FESR; 20% Fondo di Rotazione nazionale.</p>
<p>Data di avvio del progetto: 01/05/2025<br />
Stato di attuazione finanziario e procedurale: In corso</p>
<p>Negli ultimi decenni, la pianificazione e le politiche della mobilità si sono concentrate principalmente sulle esigenze degli automobilisti. Di conseguenza, i sistemi di trasporto multimodale sono spesso progettati pensando all’”utente medio&#8221;, trascurando i bisogni di altre categorie di persone (come anziani, persone con disabilità fisiche o sensoriali, donne e bambini) che necessitano di infrastrutture e servizi di mobilità in grado di garantire una piena accessibilità.<br />
Sebbene in molte città siano stati implementati strumenti come i Piani Urbani della Mobilità Sostenibile (PUMS), questi non riescono sempre a rispondere in modo adeguato alle esigenze di tutti gli utenti, né a colmare le disuguaglianze socio-economiche esistenti nel settore.</p>
<p>INCLUDES riunisce sette partner provenienti da sei regioni europee con l’obiettivo di migliorare l’attuazione delle politiche pubbliche a sostegno della transizione verso sistemi di trasporto a basse emissioni, sostenibili e inclusivi. Attraverso lo scambio aperto di conoscenze, informazioni ed esempi pratici sulle diverse dimensioni della pianificazione della mobilità equa e inclusiva, il progetto mira a rafforzare le capacità delle autorità pubbliche nella progettazione di politiche più eque.<br />
Piuttosto che puntare esclusivamente all’innovazione tecnologica per ridurre le emissioni, INCLUDES adotta un approccio ampio che mette al centro i bisogni diversificati degli utenti svantaggiati. I risultati del progetto contribuiranno a riformare le politiche, affinché spingano e incentivino tutti gli utenti ad adottare modalità di trasporto più sostenibili.</p>
<p>&nbsp;</p>
<div class="pdfprnt-buttons pdfprnt-buttons-page pdfprnt-bottom-right"><a href="https://srmbologna.it/index.php?rest_route=%2Fwp%2Fv2%2Fpages%2F9563&print=pdf" class="pdfprnt-button pdfprnt-button-pdf" target="_blank" ><img decoding="async" src="https://www.srmbologna.it/wp-content/plugins/pdf-print/images/pdf.png" alt="image_pdf" title="Visualizza PDF" /></a><a href="https://srmbologna.it/index.php?rest_route=%2Fwp%2Fv2%2Fpages%2F9563&print=print" class="pdfprnt-button pdfprnt-button-print" target="_blank" ><img decoding="async" src="https://www.srmbologna.it/wp-content/plugins/pdf-print/images/print.png" alt="image_print" title="Stampa contenuto" /></a></div>
